{"id":295,"date":"2026-03-27T02:41:06","date_gmt":"2026-03-27T05:41:06","guid":{"rendered":"https:\/\/alexpadre.online\/?post_type=product&#038;p=295"},"modified":"2026-03-27T02:49:07","modified_gmt":"2026-03-27T05:49:07","slug":"colonia-body-splash-v-s-secrets-of-romance-pure-allure","status":"publish","type":"product","link":"https:\/\/alexpadre.online\/?product=colonia-body-splash-v-s-secrets-of-romance-pure-allure","title":{"rendered":"Col\u00f4nia Body Splash V.S. Secrets Of Romance Pure Allure"},"content":{"rendered":"<p>O V.S. Secrets of Romance Pure Allure \u00e9 uma fragr\u00e2ncia envolvente que combina notas de cereja preta, creme de baunilha e um toque de s\u00e2ndalo. Seu aroma quente e sedutor cria uma ess\u00eancia suave e atraente, perfeita para quem busca um perfume que deixe uma marca doce e cativante.<\/p>\n","protected":false},"excerpt":{"rendered":"<p>O V.S. Secrets of Romance Pure Allure \u00e9 uma fragr\u00e2ncia envolvente que combina notas de cereja preta, creme de baunilha e um toque de s\u00e2ndalo. Seu aroma quente e sedutor cria uma ess\u00eancia suave e atraente, perfeita para quem busca um perfume que deixe uma marca doce e cativante.<\/p>\n","protected":false},"featured_media":282,"comment_status":"open","ping_status":"closed","template":"","meta":[],"product_brand":[39],"product_cat":[17],"product_tag":[],"class_list":{"0":"post-295","1":"product","2":"type-product","3":"status-publish","4":"has-post-thumbnail","6":"product_brand-vs","7":"product_cat-feminino","9":"first","10":"instock","11":"shipping-taxable","12":"purchasable","13":"product-type-simple"},"_links":{"self":[{"href":"https:\/\/alexpadre.online\/index.php?rest_route=\/wp\/v2\/product\/295","targetHints":{"allow":["GET"]}}],"collection":[{"href":"https:\/\/alexpadre.online\/index.php?rest_route=\/wp\/v2\/product"}],"about":[{"href":"https:\/\/alexpadre.online\/index.php?rest_route=\/wp\/v2\/types\/product"}],"replies":[{"embeddable":true,"href":"https:\/\/alexpadre.online\/index.php?rest_route=%2Fwp%2Fv2%2Fcomments&post=295"}],"version-history":[{"count":1,"href":"https:\/\/alexpadre.online\/index.php?rest_route=\/wp\/v2\/product\/295\/revisions"}],"predecessor-version":[{"id":296,"href":"https:\/\/alexpadre.online\/index.php?rest_route=\/wp\/v2\/product\/295\/revisions\/296"}],"wp:featuredmedia":[{"embeddable":true,"href":"https:\/\/alexpadre.online\/index.php?rest_route=\/wp\/v2\/media\/282"}],"wp:attachment":[{"href":"https:\/\/alexpadre.online\/index.php?rest_route=%2Fwp%2Fv2%2Fmedia&parent=295"}],"wp:term":[{"taxonomy":"product_brand","embeddable":true,"href":"https:\/\/alexpadre.online\/index.php?rest_route=%2Fwp%2Fv2%2Fproduct_brand&post=295"},{"taxonomy":"product_cat","embeddable":true,"href":"https:\/\/alexpadre.online\/index.php?rest_route=%2Fwp%2Fv2%2Fproduct_cat&post=295"},{"taxonomy":"product_tag","embeddable":true,"href":"https:\/\/alexpadre.online\/index.php?rest_route=%2Fwp%2Fv2%2Fproduct_tag&post=295"}],"curies":[{"name":"wp","href":"https:\/\/api.w.org\/{rel}","templated":true}]}}