{"id":289,"date":"2026-03-27T02:31:52","date_gmt":"2026-03-27T05:31:52","guid":{"rendered":"https:\/\/alexpadre.online\/?post_type=product&#038;p=289"},"modified":"2026-03-27T02:34:29","modified_gmt":"2026-03-27T05:34:29","slug":"yara-candy","status":"publish","type":"product","link":"https:\/\/alexpadre.online\/?product=yara-candy","title":{"rendered":"Yara Candy"},"content":{"rendered":"<p>Apresentamos Yara Candy, da Lattafa, uma adi\u00e7\u00e3o a\u00e7ucarada \u00e0 fam\u00edlia Yara. Elaborada com os melhores ingredientes do cora\u00e7\u00e3o do Oriente M\u00e9dio, Yara Candy \u00e9 uma mistura harmoniosa de frutas cristalizadas suculentas e um delicioso xarope de baunilha. A fragr\u00e2ncia abre com uma explos\u00e3o de tangerina verde e groselha preta, evoluindo para um cora\u00e7\u00e3o de gard\u00eania e balas de morango efervescentes. Este aroma requintado \u00e9 perfeito para quem aprecia o charme de uma fragr\u00e2ncia sofisticada e equilibrada.<\/p>\n<p>Notas de topo: Groselha preta, Tangerina verde<\/p>\n<p>Notas de cora\u00e7\u00e3o: Balas de morango efervescentes, Gard\u00eania<\/p>\n<p>Notas de fundo: Baunilha, Alm\u00edscar, \u00c2mbar, S\u00e2ndalo<\/p>\n","protected":false},"excerpt":{"rendered":"<p>Apresentamos Yara Candy, da Lattafa, uma adi\u00e7\u00e3o a\u00e7ucarada \u00e0 fam\u00edlia Yara. Elaborada com os melhores ingredientes do cora\u00e7\u00e3o do Oriente M\u00e9dio, Yara Candy \u00e9 uma mistura harmoniosa de frutas cristalizadas suculentas e um delicioso xarope de baunilha. A fragr\u00e2ncia abre com uma explos\u00e3o de tangerina verde e groselha preta, evoluindo para um cora\u00e7\u00e3o de gard\u00eania [&hellip;]<\/p>\n","protected":false},"featured_media":268,"comment_status":"open","ping_status":"closed","template":"","meta":[],"product_brand":[24],"product_cat":[17,18],"product_tag":[],"class_list":{"0":"post-289","1":"product","2":"type-product","3":"status-publish","4":"has-post-thumbnail","6":"product_brand-lataffa","7":"product_cat-feminino","8":"product_cat-perfumes-arabes","10":"first","11":"instock","12":"shipping-taxable","13":"purchasable","14":"product-type-simple"},"_links":{"self":[{"href":"https:\/\/alexpadre.online\/index.php?rest_route=\/wp\/v2\/product\/289","targetHints":{"allow":["GET"]}}],"collection":[{"href":"https:\/\/alexpadre.online\/index.php?rest_route=\/wp\/v2\/product"}],"about":[{"href":"https:\/\/alexpadre.online\/index.php?rest_route=\/wp\/v2\/types\/product"}],"replies":[{"embeddable":true,"href":"https:\/\/alexpadre.online\/index.php?rest_route=%2Fwp%2Fv2%2Fcomments&post=289"}],"version-history":[{"count":1,"href":"https:\/\/alexpadre.online\/index.php?rest_route=\/wp\/v2\/product\/289\/revisions"}],"predecessor-version":[{"id":290,"href":"https:\/\/alexpadre.online\/index.php?rest_route=\/wp\/v2\/product\/289\/revisions\/290"}],"wp:featuredmedia":[{"embeddable":true,"href":"https:\/\/alexpadre.online\/index.php?rest_route=\/wp\/v2\/media\/268"}],"wp:attachment":[{"href":"https:\/\/alexpadre.online\/index.php?rest_route=%2Fwp%2Fv2%2Fmedia&parent=289"}],"wp:term":[{"taxonomy":"product_brand","embeddable":true,"href":"https:\/\/alexpadre.online\/index.php?rest_route=%2Fwp%2Fv2%2Fproduct_brand&post=289"},{"taxonomy":"product_cat","embeddable":true,"href":"https:\/\/alexpadre.online\/index.php?rest_route=%2Fwp%2Fv2%2Fproduct_cat&post=289"},{"taxonomy":"product_tag","embeddable":true,"href":"https:\/\/alexpadre.online\/index.php?rest_route=%2Fwp%2Fv2%2Fproduct_tag&post=289"}],"curies":[{"name":"wp","href":"https:\/\/api.w.org\/{rel}","templated":true}]}}