{"id":255,"date":"2026-03-27T02:25:39","date_gmt":"2026-03-27T05:25:39","guid":{"rendered":"https:\/\/alexpadre.online\/?post_type=product&#038;p=255"},"modified":"2026-03-27T02:49:23","modified_gmt":"2026-03-27T05:49:23","slug":"tharwah-gold","status":"publish","type":"product","link":"https:\/\/alexpadre.online\/?product=tharwah-gold","title":{"rendered":"Tharwah Gold"},"content":{"rendered":"<p>Uma fragr\u00e2ncia com do\u00e7ura duradoura. Voc\u00ea j\u00e1 acordou se sentindo cheio de vida? Esta fragr\u00e2ncia \u00e9 como esse momento vibrante. Tharwah Gold \u00e9 uma fragr\u00e2ncia adocicada com sutis toques florais de jasmim, lavanda e flor de laranjeira. A abertura \u00e9 predominantemente doce, seguida por um floral adocicado e um fundo adocicado e aconchegante.<\/p>\n<p>Notas de topo: Lavanda, Bergamota<\/p>\n<p>Notas de cora\u00e7\u00e3o: Flor de Laranjeira, Jasmim Eg\u00edpcio<\/p>\n<p>Notas de fundo: Baunilha, \u00c2mbar, Vetiver<\/p>\n","protected":false},"excerpt":{"rendered":"<p>Notas de topo: Lavanda, Bergamota<\/p>\n<p>Notas de cora\u00e7\u00e3o: Flor de Laranjeira, Jasmim Eg\u00edpcio<\/p>\n<p>Notas de fundo: Baunilha, \u00c2mbar, Vetiver<\/p>\n","protected":false},"featured_media":256,"comment_status":"open","ping_status":"closed","template":"","meta":[],"product_brand":[24],"product_cat":[17,20,18],"product_tag":[],"class_list":{"0":"post-255","1":"product","2":"type-product","3":"status-publish","4":"has-post-thumbnail","6":"product_brand-lataffa","7":"product_cat-feminino","8":"product_cat-importados","9":"product_cat-perfumes-arabes","11":"first","12":"instock","13":"shipping-taxable","14":"purchasable","15":"product-type-simple"},"_links":{"self":[{"href":"https:\/\/alexpadre.online\/index.php?rest_route=\/wp\/v2\/product\/255","targetHints":{"allow":["GET"]}}],"collection":[{"href":"https:\/\/alexpadre.online\/index.php?rest_route=\/wp\/v2\/product"}],"about":[{"href":"https:\/\/alexpadre.online\/index.php?rest_route=\/wp\/v2\/types\/product"}],"replies":[{"embeddable":true,"href":"https:\/\/alexpadre.online\/index.php?rest_route=%2Fwp%2Fv2%2Fcomments&post=255"}],"version-history":[{"count":1,"href":"https:\/\/alexpadre.online\/index.php?rest_route=\/wp\/v2\/product\/255\/revisions"}],"predecessor-version":[{"id":283,"href":"https:\/\/alexpadre.online\/index.php?rest_route=\/wp\/v2\/product\/255\/revisions\/283"}],"wp:featuredmedia":[{"embeddable":true,"href":"https:\/\/alexpadre.online\/index.php?rest_route=\/wp\/v2\/media\/256"}],"wp:attachment":[{"href":"https:\/\/alexpadre.online\/index.php?rest_route=%2Fwp%2Fv2%2Fmedia&parent=255"}],"wp:term":[{"taxonomy":"product_brand","embeddable":true,"href":"https:\/\/alexpadre.online\/index.php?rest_route=%2Fwp%2Fv2%2Fproduct_brand&post=255"},{"taxonomy":"product_cat","embeddable":true,"href":"https:\/\/alexpadre.online\/index.php?rest_route=%2Fwp%2Fv2%2Fproduct_cat&post=255"},{"taxonomy":"product_tag","embeddable":true,"href":"https:\/\/alexpadre.online\/index.php?rest_route=%2Fwp%2Fv2%2Fproduct_tag&post=255"}],"curies":[{"name":"wp","href":"https:\/\/api.w.org\/{rel}","templated":true}]}}