{"id":12,"date":"2026-03-22T02:39:36","date_gmt":"2026-03-22T02:39:36","guid":{"rendered":"https:\/\/alexpadre.online\/?page_id=12"},"modified":"2026-03-27T04:31:31","modified_gmt":"2026-03-27T07:31:31","slug":"home","status":"publish","type":"page","link":"https:\/\/alexpadre.online\/","title":{"rendered":"HOME"},"content":{"rendered":"\t\t<div data-elementor-type=\"wp-page\" data-elementor-id=\"12\" class=\"elementor elementor-12\" data-elementor-post-type=\"page\">\n\t\t\t\t<div class=\"elementor-element elementor-element-130f38c3 e-flex e-con-boxed e-con e-parent\" data-id=\"130f38c3\" data-element_type=\"container\" data-e-type=\"container\" data-settings=\"{&quot;background_background&quot;:&quot;slideshow&quot;,&quot;background_slideshow_gallery&quot;:[{&quot;id&quot;:307,&quot;url&quot;:&quot;https:\\\/\\\/alexpadre.online\\\/wp-content\\\/uploads\\\/2026\\\/03\\\/21-3.png&quot;},{&quot;id&quot;:306,&quot;url&quot;:&quot;https:\\\/\\\/alexpadre.online\\\/wp-content\\\/uploads\\\/2026\\\/03\\\/11-5.png&quot;}],&quot;background_slideshow_loop&quot;:&quot;yes&quot;,&quot;background_slideshow_slide_duration&quot;:5000,&quot;background_slideshow_slide_transition&quot;:&quot;fade&quot;,&quot;background_slideshow_transition_duration&quot;:500}\">\n\t\t\t\t\t<div class=\"e-con-inner\">\n\t\t<div class=\"elementor-element elementor-element-53a20a6a e-con-full e-flex e-con e-child\" data-id=\"53a20a6a\" data-element_type=\"container\" data-e-type=\"container\">\n\t\t\t\t<div class=\"elementor-element elementor-element-26302e29 elementor-invisible elementor-widget elementor-widget-button\" data-id=\"26302e29\" data-element_type=\"widget\" data-e-type=\"widget\" data-settings=\"{&quot;_animation&quot;:&quot;fadeIn&quot;,&quot;_animation_delay&quot;:600}\" data-widget_type=\"button.default\">\n\t\t\t\t\t\t\t\t\t\t<a class=\"elementor-button elementor-button-link elementor-size-sm\" href=\"https:\/\/alexpadre.online\/?page_id=32\">\n\t\t\t\t\t\t<span class=\"elementor-button-content-wrapper\">\n\t\t\t\t\t\t\t\t\t<span class=\"elementor-button-text\">Pe\u00e7a j\u00e1 o seu!<\/span>\n\t\t\t\t\t<\/span>\n\t\t\t\t\t<\/a>\n\t\t\t\t\t\t\t\t<\/div>\n\t\t\t\t<\/div>\n\t\t\t\t\t<\/div>\n\t\t\t\t<\/div>\n\t\t<div class=\"elementor-element elementor-element-28dc56e3 e-grid e-con-boxed e-con e-parent\" data-id=\"28dc56e3\" data-element_type=\"container\" data-e-type=\"container\" data-settings=\"{&quot;background_background&quot;:&quot;classic&quot;}\">\n\t\t\t\t\t<div class=\"e-con-inner\">\n\t\t\t\t<div class=\"elementor-element elementor-element-68c6e34f elementor-position-top elementor-invisible elementor-widget elementor-widget-image-box\" data-id=\"68c6e34f\" data-element_type=\"widget\" data-e-type=\"widget\" data-settings=\"{&quot;_animation&quot;:&quot;fadeIn&quot;}\" data-widget_type=\"image-box.default\">\n\t\t\t\t\t<div class=\"elementor-image-box-wrapper\"><figure class=\"elementor-image-box-img\"><img fetchpriority=\"high\" decoding=\"async\" width=\"1000\" height=\"1000\" src=\"https:\/\/alexpadre.online\/wp-content\/uploads\/2026\/03\/2-2.png\" class=\"attachment-full size-full wp-image-309\" alt=\"\" srcset=\"https:\/\/alexpadre.online\/wp-content\/uploads\/2026\/03\/2-2.png 1000w, https:\/\/alexpadre.online\/wp-content\/uploads\/2026\/03\/2-2-300x300.png 300w, https:\/\/alexpadre.online\/wp-content\/uploads\/2026\/03\/2-2-150x150.png 150w, https:\/\/alexpadre.online\/wp-content\/uploads\/2026\/03\/2-2-768x768.png 768w, https:\/\/alexpadre.online\/wp-content\/uploads\/2026\/03\/2-2-600x600.png 600w, https:\/\/alexpadre.online\/wp-content\/uploads\/2026\/03\/2-2-100x100.png 100w\" sizes=\"(max-width: 1000px) 100vw, 1000px\" \/><\/figure><div class=\"elementor-image-box-content\"><h3 class=\"elementor-image-box-title\">Fidelidade<\/h3><p class=\"elementor-image-box-description\">cartao fidelidade , com vairos descontos\n<\/p><\/div><\/div>\t\t\t\t<\/div>\n\t\t\t\t<div class=\"elementor-element elementor-element-2074362e elementor-position-top elementor-invisible elementor-widget elementor-widget-image-box\" data-id=\"2074362e\" data-element_type=\"widget\" data-e-type=\"widget\" data-settings=\"{&quot;_animation&quot;:&quot;fadeIn&quot;,&quot;_animation_delay&quot;:100}\" data-widget_type=\"image-box.default\">\n\t\t\t\t\t<div class=\"elementor-image-box-wrapper\"><figure class=\"elementor-image-box-img\"><img decoding=\"async\" width=\"1000\" height=\"1000\" src=\"https:\/\/alexpadre.online\/wp-content\/uploads\/2026\/03\/4-3.png\" class=\"attachment-full size-full wp-image-311\" alt=\"\" srcset=\"https:\/\/alexpadre.online\/wp-content\/uploads\/2026\/03\/4-3.png 1000w, https:\/\/alexpadre.online\/wp-content\/uploads\/2026\/03\/4-3-300x300.png 300w, https:\/\/alexpadre.online\/wp-content\/uploads\/2026\/03\/4-3-150x150.png 150w, https:\/\/alexpadre.online\/wp-content\/uploads\/2026\/03\/4-3-768x768.png 768w, https:\/\/alexpadre.online\/wp-content\/uploads\/2026\/03\/4-3-600x600.png 600w, https:\/\/alexpadre.online\/wp-content\/uploads\/2026\/03\/4-3-100x100.png 100w\" sizes=\"(max-width: 1000px) 100vw, 1000px\" \/><\/figure><div class=\"elementor-image-box-content\"><h3 class=\"elementor-image-box-title\">Descontos<\/h3><p class=\"elementor-image-box-description\">semanais<\/p><\/div><\/div>\t\t\t\t<\/div>\n\t\t\t\t<div class=\"elementor-element elementor-element-64800261 elementor-position-top elementor-invisible elementor-widget elementor-widget-image-box\" data-id=\"64800261\" data-element_type=\"widget\" data-e-type=\"widget\" data-settings=\"{&quot;_animation&quot;:&quot;fadeIn&quot;,&quot;_animation_delay&quot;:200}\" data-widget_type=\"image-box.default\">\n\t\t\t\t\t<div class=\"elementor-image-box-wrapper\"><figure class=\"elementor-image-box-img\"><img decoding=\"async\" width=\"1000\" height=\"1000\" src=\"https:\/\/alexpadre.online\/wp-content\/uploads\/2026\/03\/3-2.png\" class=\"attachment-full size-full wp-image-310\" alt=\"\" srcset=\"https:\/\/alexpadre.online\/wp-content\/uploads\/2026\/03\/3-2.png 1000w, https:\/\/alexpadre.online\/wp-content\/uploads\/2026\/03\/3-2-300x300.png 300w, https:\/\/alexpadre.online\/wp-content\/uploads\/2026\/03\/3-2-150x150.png 150w, https:\/\/alexpadre.online\/wp-content\/uploads\/2026\/03\/3-2-768x768.png 768w, https:\/\/alexpadre.online\/wp-content\/uploads\/2026\/03\/3-2-600x600.png 600w, https:\/\/alexpadre.online\/wp-content\/uploads\/2026\/03\/3-2-100x100.png 100w\" sizes=\"(max-width: 1000px) 100vw, 1000px\" \/><\/figure><div class=\"elementor-image-box-content\"><h3 class=\"elementor-image-box-title\">Entrega<\/h3><p class=\"elementor-image-box-description\">Segura\n<\/p><\/div><\/div>\t\t\t\t<\/div>\n\t\t\t\t<div class=\"elementor-element elementor-element-4596f35c elementor-position-top elementor-invisible elementor-widget elementor-widget-image-box\" data-id=\"4596f35c\" data-element_type=\"widget\" data-e-type=\"widget\" data-settings=\"{&quot;_animation&quot;:&quot;fadeIn&quot;,&quot;_animation_delay&quot;:300}\" data-widget_type=\"image-box.default\">\n\t\t\t\t\t<div class=\"elementor-image-box-wrapper\"><figure class=\"elementor-image-box-img\"><img loading=\"lazy\" decoding=\"async\" width=\"1000\" height=\"1000\" src=\"https:\/\/alexpadre.online\/wp-content\/uploads\/2026\/03\/6-3.png\" class=\"attachment-full size-full wp-image-313\" alt=\"\" srcset=\"https:\/\/alexpadre.online\/wp-content\/uploads\/2026\/03\/6-3.png 1000w, https:\/\/alexpadre.online\/wp-content\/uploads\/2026\/03\/6-3-300x300.png 300w, https:\/\/alexpadre.online\/wp-content\/uploads\/2026\/03\/6-3-150x150.png 150w, https:\/\/alexpadre.online\/wp-content\/uploads\/2026\/03\/6-3-768x768.png 768w, https:\/\/alexpadre.online\/wp-content\/uploads\/2026\/03\/6-3-600x600.png 600w, https:\/\/alexpadre.online\/wp-content\/uploads\/2026\/03\/6-3-100x100.png 100w\" sizes=\"(max-width: 1000px) 100vw, 1000px\" \/><\/figure><div class=\"elementor-image-box-content\"><h3 class=\"elementor-image-box-title\">Varios m\u00e9todos<\/h3><p class=\"elementor-image-box-description\">de pagamento.<\/p><\/div><\/div>\t\t\t\t<\/div>\n\t\t\t\t\t<\/div>\n\t\t\t\t<\/div>\n\t\t<div class=\"elementor-element elementor-element-374b7448 e-flex e-con-boxed e-con e-parent\" data-id=\"374b7448\" data-element_type=\"container\" data-e-type=\"container\" data-settings=\"{&quot;background_background&quot;:&quot;classic&quot;}\">\n\t\t\t\t\t<div class=\"e-con-inner\">\n\t\t\t\t<div class=\"elementor-element elementor-element-792d49ed elementor-widget__width-auto e-transform elementor-invisible elementor-widget elementor-widget-image\" data-id=\"792d49ed\" data-element_type=\"widget\" data-e-type=\"widget\" data-settings=\"{&quot;_animation&quot;:&quot;fadeIn&quot;,&quot;_animation_delay&quot;:400,&quot;_transform_rotateZ_effect&quot;:{&quot;unit&quot;:&quot;px&quot;,&quot;size&quot;:5,&quot;sizes&quot;:[]},&quot;_transform_rotateZ_effect_laptop&quot;:{&quot;unit&quot;:&quot;deg&quot;,&quot;size&quot;:&quot;&quot;,&quot;sizes&quot;:[]},&quot;_transform_rotateZ_effect_tablet&quot;:{&quot;unit&quot;:&quot;deg&quot;,&quot;size&quot;:&quot;&quot;,&quot;sizes&quot;:[]},&quot;_transform_rotateZ_effect_mobile_extra&quot;:{&quot;unit&quot;:&quot;deg&quot;,&quot;size&quot;:&quot;&quot;,&quot;sizes&quot;:[]},&quot;_transform_rotateZ_effect_mobile&quot;:{&quot;unit&quot;:&quot;deg&quot;,&quot;size&quot;:&quot;&quot;,&quot;sizes&quot;:[]}}\" data-widget_type=\"image.default\">\n\t\t\t\t\t\t\t\t\t\t\t\t\t\t\t<img loading=\"lazy\" decoding=\"async\" width=\"600\" height=\"750\" src=\"https:\/\/alexpadre.online\/wp-content\/uploads\/2026\/03\/24.png\" class=\"attachment-large size-large wp-image-277\" alt=\"\" srcset=\"https:\/\/alexpadre.online\/wp-content\/uploads\/2026\/03\/24.png 600w, https:\/\/alexpadre.online\/wp-content\/uploads\/2026\/03\/24-240x300.png 240w\" sizes=\"(max-width: 600px) 100vw, 600px\" \/>\t\t\t\t\t\t\t\t\t\t\t\t\t\t\t<\/div>\n\t\t\t\t<div class=\"elementor-element elementor-element-31ba9e4d elementor-widget__width-auto e-transform elementor-invisible elementor-widget elementor-widget-image\" data-id=\"31ba9e4d\" data-element_type=\"widget\" data-e-type=\"widget\" data-settings=\"{&quot;_animation&quot;:&quot;fadeIn&quot;,&quot;_animation_delay&quot;:600,&quot;_transform_rotateZ_effect&quot;:{&quot;unit&quot;:&quot;px&quot;,&quot;size&quot;:-10,&quot;sizes&quot;:[]},&quot;_transform_rotateZ_effect_laptop&quot;:{&quot;unit&quot;:&quot;deg&quot;,&quot;size&quot;:&quot;&quot;,&quot;sizes&quot;:[]},&quot;_transform_rotateZ_effect_tablet&quot;:{&quot;unit&quot;:&quot;deg&quot;,&quot;size&quot;:&quot;&quot;,&quot;sizes&quot;:[]},&quot;_transform_rotateZ_effect_mobile_extra&quot;:{&quot;unit&quot;:&quot;deg&quot;,&quot;size&quot;:&quot;&quot;,&quot;sizes&quot;:[]},&quot;_transform_rotateZ_effect_mobile&quot;:{&quot;unit&quot;:&quot;deg&quot;,&quot;size&quot;:&quot;&quot;,&quot;sizes&quot;:[]}}\" data-widget_type=\"image.default\">\n\t\t\t\t\t\t\t\t\t\t\t\t\t\t\t<img loading=\"lazy\" decoding=\"async\" width=\"600\" height=\"750\" src=\"https:\/\/alexpadre.online\/wp-content\/uploads\/2026\/03\/13.png\" class=\"attachment-large size-large wp-image-266\" alt=\"\" srcset=\"https:\/\/alexpadre.online\/wp-content\/uploads\/2026\/03\/13.png 600w, https:\/\/alexpadre.online\/wp-content\/uploads\/2026\/03\/13-240x300.png 240w\" sizes=\"(max-width: 600px) 100vw, 600px\" \/>\t\t\t\t\t\t\t\t\t\t\t\t\t\t\t<\/div>\n\t\t\t\t<div class=\"elementor-element elementor-element-147199cd elementor-align-center elementor-invisible elementor-widget elementor-widget-button\" data-id=\"147199cd\" data-element_type=\"widget\" data-e-type=\"widget\" data-settings=\"{&quot;_animation&quot;:&quot;fadeIn&quot;,&quot;_animation_delay&quot;:200}\" data-widget_type=\"button.default\">\n\t\t\t\t\t\t\t\t\t\t<a class=\"elementor-button elementor-button-link elementor-size-sm\" href=\"https:\/\/alexpadre.online\/?page_id=32\">\n\t\t\t\t\t\t<span class=\"elementor-button-content-wrapper\">\n\t\t\t\t\t\t<span class=\"elementor-button-icon\">\n\t\t\t\t<i aria-hidden=\"true\" class=\"icon icon-right-arrow\"><\/i>\t\t\t<\/span>\n\t\t\t\t\t\t\t\t\t<span class=\"elementor-button-text\">Pe\u00e7a ja o seu!<\/span>\n\t\t\t\t\t<\/span>\n\t\t\t\t\t<\/a>\n\t\t\t\t\t\t\t\t<\/div>\n\t\t\t\t\t<\/div>\n\t\t\t\t<\/div>\n\t\t<div class=\"elementor-element elementor-element-8639b35 e-flex e-con-boxed e-con e-parent\" data-id=\"8639b35\" data-element_type=\"container\" data-e-type=\"container\" data-settings=\"{&quot;background_background&quot;:&quot;classic&quot;}\">\n\t\t\t\t\t<div class=\"e-con-inner\">\n\t\t<div class=\"elementor-element elementor-element-682a8436 e-grid e-con-full e-con e-child\" data-id=\"682a8436\" data-element_type=\"container\" data-e-type=\"container\">\n\t\t\t\t<div class=\"elementor-element elementor-element-29a16588 elementor-invisible elementor-widget elementor-widget-image\" data-id=\"29a16588\" data-element_type=\"widget\" data-e-type=\"widget\" data-settings=\"{&quot;_animation&quot;:&quot;fadeIn&quot;,&quot;_animation_delay&quot;:400}\" data-widget_type=\"image.default\">\n\t\t\t\t\t\t\t\t\t\t\t\t\t\t\t<img loading=\"lazy\" decoding=\"async\" width=\"600\" height=\"750\" src=\"https:\/\/alexpadre.online\/wp-content\/uploads\/2026\/03\/Body-Splash-Victoria-Secrets-Pure-Allure.png\" class=\"attachment-large size-large wp-image-282\" alt=\"\" srcset=\"https:\/\/alexpadre.online\/wp-content\/uploads\/2026\/03\/Body-Splash-Victoria-Secrets-Pure-Allure.png 600w, https:\/\/alexpadre.online\/wp-content\/uploads\/2026\/03\/Body-Splash-Victoria-Secrets-Pure-Allure-240x300.png 240w\" sizes=\"(max-width: 600px) 100vw, 600px\" \/>\t\t\t\t\t\t\t\t\t\t\t\t\t\t\t<\/div>\n\t\t<div class=\"elementor-element elementor-element-7039e18b e-con-full e-flex elementor-invisible e-con e-child\" data-id=\"7039e18b\" data-element_type=\"container\" data-e-type=\"container\" data-settings=\"{&quot;animation&quot;:&quot;fadeIn&quot;,&quot;animation_delay&quot;:500}\">\n\t\t\t\t<div class=\"elementor-element elementor-element-68e4e06 elementor-widget elementor-widget-image\" data-id=\"68e4e06\" data-element_type=\"widget\" data-e-type=\"widget\" data-widget_type=\"image.default\">\n\t\t\t\t\t\t\t\t\t\t\t\t\t\t\t<img loading=\"lazy\" decoding=\"async\" width=\"512\" height=\"170\" src=\"https:\/\/alexpadre.online\/wp-content\/uploads\/2026\/03\/ff-1-e1774163834233.png\" class=\"attachment-large size-large wp-image-127\" alt=\"\" srcset=\"https:\/\/alexpadre.online\/wp-content\/uploads\/2026\/03\/ff-1-e1774163834233.png 512w, https:\/\/alexpadre.online\/wp-content\/uploads\/2026\/03\/ff-1-e1774163834233-300x100.png 300w\" sizes=\"(max-width: 512px) 100vw, 512px\" \/>\t\t\t\t\t\t\t\t\t\t\t\t\t\t\t<\/div>\n\t\t\t\t<\/div>\n\t\t\t\t<div class=\"elementor-element elementor-element-20f2ad36 elementor-invisible elementor-widget elementor-widget-image\" data-id=\"20f2ad36\" data-element_type=\"widget\" data-e-type=\"widget\" data-settings=\"{&quot;_animation&quot;:&quot;fadeIn&quot;,&quot;_animation_delay&quot;:600}\" data-widget_type=\"image.default\">\n\t\t\t\t\t\t\t\t\t\t\t\t\t\t\t<img loading=\"lazy\" decoding=\"async\" width=\"600\" height=\"750\" src=\"https:\/\/alexpadre.online\/wp-content\/uploads\/2026\/03\/Body-Splash-Pure-Allure-Shimmer.png\" class=\"attachment-large size-large wp-image-280\" alt=\"\" srcset=\"https:\/\/alexpadre.online\/wp-content\/uploads\/2026\/03\/Body-Splash-Pure-Allure-Shimmer.png 600w, https:\/\/alexpadre.online\/wp-content\/uploads\/2026\/03\/Body-Splash-Pure-Allure-Shimmer-240x300.png 240w\" sizes=\"(max-width: 600px) 100vw, 600px\" \/>\t\t\t\t\t\t\t\t\t\t\t\t\t\t\t<\/div>\n\t\t<div class=\"elementor-element elementor-element-220c49f e-con-full e-flex elementor-invisible e-con e-child\" data-id=\"220c49f\" data-element_type=\"container\" data-e-type=\"container\" data-settings=\"{&quot;background_background&quot;:&quot;classic&quot;,&quot;animation&quot;:&quot;fadeIn&quot;,&quot;animation_delay&quot;:700}\">\n\t\t\t\t<\/div>\n\t\t<div class=\"elementor-element elementor-element-2d8caa29 e-con-full e-flex elementor-invisible e-con e-child\" data-id=\"2d8caa29\" data-element_type=\"container\" data-e-type=\"container\" data-settings=\"{&quot;background_background&quot;:&quot;classic&quot;,&quot;animation&quot;:&quot;fadeIn&quot;,&quot;animation_delay&quot;:400}\">\n\t\t\t\t<\/div>\n\t\t\t\t<div class=\"elementor-element elementor-element-e76b4af elementor-widget elementor-widget-image\" data-id=\"e76b4af\" data-element_type=\"widget\" data-e-type=\"widget\" data-widget_type=\"image.default\">\n\t\t\t\t\t\t\t\t\t\t\t\t\t\t\t<img loading=\"lazy\" decoding=\"async\" width=\"512\" height=\"170\" src=\"https:\/\/alexpadre.online\/wp-content\/uploads\/2026\/03\/ff-1-e1774163834233.png\" class=\"attachment-large size-large wp-image-127\" alt=\"\" srcset=\"https:\/\/alexpadre.online\/wp-content\/uploads\/2026\/03\/ff-1-e1774163834233.png 512w, https:\/\/alexpadre.online\/wp-content\/uploads\/2026\/03\/ff-1-e1774163834233-300x100.png 300w\" sizes=\"(max-width: 512px) 100vw, 512px\" \/>\t\t\t\t\t\t\t\t\t\t\t\t\t\t\t<\/div>\n\t\t\t\t<div class=\"elementor-element elementor-element-19ebe201 elementor-invisible elementor-widget elementor-widget-image\" data-id=\"19ebe201\" data-element_type=\"widget\" data-e-type=\"widget\" data-settings=\"{&quot;_animation&quot;:&quot;fadeIn&quot;,&quot;_animation_delay&quot;:700}\" data-widget_type=\"image.default\">\n\t\t\t\t\t\t\t\t\t\t\t\t\t\t\t<img loading=\"lazy\" decoding=\"async\" width=\"600\" height=\"750\" src=\"https:\/\/alexpadre.online\/wp-content\/uploads\/2026\/03\/25.png\" class=\"attachment-large size-large wp-image-256\" alt=\"\" srcset=\"https:\/\/alexpadre.online\/wp-content\/uploads\/2026\/03\/25.png 600w, https:\/\/alexpadre.online\/wp-content\/uploads\/2026\/03\/25-240x300.png 240w\" sizes=\"(max-width: 600px) 100vw, 600px\" \/>\t\t\t\t\t\t\t\t\t\t\t\t\t\t\t<\/div>\n\t\t\t\t<div class=\"elementor-element elementor-element-c15844b elementor-widget elementor-widget-image\" data-id=\"c15844b\" data-element_type=\"widget\" data-e-type=\"widget\" data-widget_type=\"image.default\">\n\t\t\t\t\t\t\t\t\t\t\t\t\t\t\t<img loading=\"lazy\" decoding=\"async\" width=\"512\" height=\"170\" src=\"https:\/\/alexpadre.online\/wp-content\/uploads\/2026\/03\/ff-1-e1774163834233.png\" class=\"attachment-large size-large wp-image-127\" alt=\"\" srcset=\"https:\/\/alexpadre.online\/wp-content\/uploads\/2026\/03\/ff-1-e1774163834233.png 512w, https:\/\/alexpadre.online\/wp-content\/uploads\/2026\/03\/ff-1-e1774163834233-300x100.png 300w\" sizes=\"(max-width: 512px) 100vw, 512px\" \/>\t\t\t\t\t\t\t\t\t\t\t\t\t\t\t<\/div>\n\t\t\t\t<div class=\"elementor-element elementor-element-44de4464 elementor-invisible elementor-widget elementor-widget-image\" data-id=\"44de4464\" data-element_type=\"widget\" data-e-type=\"widget\" data-settings=\"{&quot;_animation&quot;:&quot;fadeIn&quot;,&quot;_animation_delay&quot;:500}\" data-widget_type=\"image.default\">\n\t\t\t\t\t\t\t\t\t\t\t\t\t\t\t<img loading=\"lazy\" decoding=\"async\" width=\"600\" height=\"750\" src=\"https:\/\/alexpadre.online\/wp-content\/uploads\/2026\/03\/11-3.png\" class=\"attachment-large size-large wp-image-264\" alt=\"\" srcset=\"https:\/\/alexpadre.online\/wp-content\/uploads\/2026\/03\/11-3.png 600w, https:\/\/alexpadre.online\/wp-content\/uploads\/2026\/03\/11-3-240x300.png 240w\" sizes=\"(max-width: 600px) 100vw, 600px\" \/>\t\t\t\t\t\t\t\t\t\t\t\t\t\t\t<\/div>\n\t\t<div class=\"elementor-element elementor-element-590a3e0 e-con-full e-flex elementor-invisible e-con e-child\" data-id=\"590a3e0\" data-element_type=\"container\" data-e-type=\"container\" data-settings=\"{&quot;animation&quot;:&quot;fadeIn&quot;,&quot;animation_delay&quot;:600}\">\n\t\t\t\t<div class=\"elementor-element elementor-element-3eeb439 elementor-widget elementor-widget-image\" data-id=\"3eeb439\" data-element_type=\"widget\" data-e-type=\"widget\" data-widget_type=\"image.default\">\n\t\t\t\t\t\t\t\t\t\t\t\t\t\t\t<img loading=\"lazy\" decoding=\"async\" width=\"512\" height=\"170\" src=\"https:\/\/alexpadre.online\/wp-content\/uploads\/2026\/03\/ff-1-e1774163834233.png\" class=\"attachment-large size-large wp-image-127\" alt=\"\" srcset=\"https:\/\/alexpadre.online\/wp-content\/uploads\/2026\/03\/ff-1-e1774163834233.png 512w, https:\/\/alexpadre.online\/wp-content\/uploads\/2026\/03\/ff-1-e1774163834233-300x100.png 300w\" sizes=\"(max-width: 512px) 100vw, 512px\" \/>\t\t\t\t\t\t\t\t\t\t\t\t\t\t\t<\/div>\n\t\t\t\t<\/div>\n\t\t\t\t<div class=\"elementor-element elementor-element-84596b4 elementor-widget elementor-widget-image\" data-id=\"84596b4\" data-element_type=\"widget\" data-e-type=\"widget\" data-widget_type=\"image.default\">\n\t\t\t\t\t\t\t\t\t\t\t\t\t\t\t<img loading=\"lazy\" decoding=\"async\" width=\"600\" height=\"750\" src=\"https:\/\/alexpadre.online\/wp-content\/uploads\/2026\/03\/Body-Splash-Victoria-Secrets-Kiss-Spell.png\" class=\"attachment-large size-large wp-image-281\" alt=\"\" srcset=\"https:\/\/alexpadre.online\/wp-content\/uploads\/2026\/03\/Body-Splash-Victoria-Secrets-Kiss-Spell.png 600w, https:\/\/alexpadre.online\/wp-content\/uploads\/2026\/03\/Body-Splash-Victoria-Secrets-Kiss-Spell-240x300.png 240w\" sizes=\"(max-width: 600px) 100vw, 600px\" \/>\t\t\t\t\t\t\t\t\t\t\t\t\t\t\t<\/div>\n\t\t\t\t<div class=\"elementor-element elementor-element-ce178f9 elementor-widget elementor-widget-image\" data-id=\"ce178f9\" data-element_type=\"widget\" data-e-type=\"widget\" data-widget_type=\"image.default\">\n\t\t\t\t\t\t\t\t\t\t\t\t\t\t\t<img loading=\"lazy\" decoding=\"async\" width=\"512\" height=\"170\" src=\"https:\/\/alexpadre.online\/wp-content\/uploads\/2026\/03\/ff-1-e1774163834233.png\" class=\"attachment-large size-large wp-image-127\" alt=\"\" srcset=\"https:\/\/alexpadre.online\/wp-content\/uploads\/2026\/03\/ff-1-e1774163834233.png 512w, https:\/\/alexpadre.online\/wp-content\/uploads\/2026\/03\/ff-1-e1774163834233-300x100.png 300w\" sizes=\"(max-width: 512px) 100vw, 512px\" \/>\t\t\t\t\t\t\t\t\t\t\t\t\t\t\t<\/div>\n\t\t\t\t<\/div>\n\t\t\t\t\t<\/div>\n\t\t\t\t<\/div>\n\t\t<div class=\"elementor-element elementor-element-1f4b8792 e-con-full e-flex e-con e-parent\" data-id=\"1f4b8792\" data-element_type=\"container\" data-e-type=\"container\" data-settings=\"{&quot;background_background&quot;:&quot;classic&quot;}\">\n\t\t\t\t<\/div>\n\t\t\t\t<\/div>\n\t\t","protected":false},"excerpt":{"rendered":"<p>Pe\u00e7a j\u00e1 o seu! Fidelidade cartao fidelidade , com vairos descontos Descontos semanais Entrega Segura Varios m\u00e9todos de pagamento. Pe\u00e7a ja o seu!<\/p>\n","protected":false},"author":1,"featured_media":0,"parent":0,"menu_order":0,"comment_status":"closed","ping_status":"closed","template":"elementor_header_footer","meta":{"footnotes":""},"class_list":["post-12","page","type-page","status-publish","hentry"],"_links":{"self":[{"href":"https:\/\/alexpadre.online\/index.php?rest_route=\/wp\/v2\/pages\/12","targetHints":{"allow":["GET"]}}],"collection":[{"href":"https:\/\/alexpadre.online\/index.php?rest_route=\/wp\/v2\/pages"}],"about":[{"href":"https:\/\/alexpadre.online\/index.php?rest_route=\/wp\/v2\/types\/page"}],"author":[{"embeddable":true,"href":"https:\/\/alexpadre.online\/index.php?rest_route=\/wp\/v2\/users\/1"}],"replies":[{"embeddable":true,"href":"https:\/\/alexpadre.online\/index.php?rest_route=%2Fwp%2Fv2%2Fcomments&post=12"}],"version-history":[{"count":7,"href":"https:\/\/alexpadre.online\/index.php?rest_route=\/wp\/v2\/pages\/12\/revisions"}],"predecessor-version":[{"id":316,"href":"https:\/\/alexpadre.online\/index.php?rest_route=\/wp\/v2\/pages\/12\/revisions\/316"}],"wp:attachment":[{"href":"https:\/\/alexpadre.online\/index.php?rest_route=%2Fwp%2Fv2%2Fmedia&parent=12"}],"curies":[{"name":"wp","href":"https:\/\/api.w.org\/{rel}","templated":true}]}}